{"id":72,"date":"2022-03-06T14:00:53","date_gmt":"2022-03-06T14:00:53","guid":{"rendered":"https:\/\/www.unikat4you.ch\/?page_id=72"},"modified":"2024-01-06T23:05:44","modified_gmt":"2024-01-06T23:05:44","slug":"ueber-mich","status":"publish","type":"page","link":"https:\/\/unikat4you.ch\/?page_id=72","title":{"rendered":"\u00dcber mich"},"content":{"rendered":"\n    \n    <section class=\"u-align-center u-clearfix u-section-2\" id=\"sec-2a32\">\n      <div class=\"u-clearfix u-sheet u-sheet-1\">\n        <div class=\"u-clearfix u-expanded-width u-gutter-0 u-layout-wrap u-layout-wrap-1\">\n          <div class=\"u-gutter-0 u-layout\">\n            <div class=\"u-layout-col\">\n              <div class=\"u-size-30\">\n                <div class=\"u-layout-col\">\n                  <div class=\"u-container-style u-image u-layout-cell u-opacity u-opacity-50 u-size-60 u-image-1\" data-image-width=\"1200\" data-image-height=\"800\" style=\"background-image: url(&quot;https:\/\/unikat4you.ch\/wp-content\/uploads\/2022\/03\/portrait_verena_kuttel_unikat4you.jpg&quot;);\">\n                    <div class=\"u-container-layout u-container-layout-1\"><\/div>\n                  <\/div>\n                <\/div>\n              <\/div>\n              <div class=\"u-size-30\">\n                <div class=\"u-layout-row\">\n                  <div class=\"u-align-left u-container-style u-layout-cell u-opacity u-opacity-50 u-size-60 u-white u-layout-cell-2\">\n                    <div class=\"u-container-layout u-container-layout-2\">\n                      <p class=\"u-text u-text-1\"> Seit \u00fcber 25 Jahren realisiere ich Print und Webprojekte von der Idee bis zum fertigen Produkt in meinem atelier-k.&nbsp;<br>\n                        <br>Aus\n Zufall habe ich den Textildruck entdeckt. Seither l\u00e4sst mich die \nFaszi\u00adnation, kleine Serien von einmaligen Textilien auf den Stoff zu \nbringen, nicht mehr los. Immer, wenn es meine Zeit erlaubt, arbeite ich \nan einer Kollektion. Jedes St\u00fcck ist ein Unikat. In seiner \nFarbzusam\u00admenstellung gibt es jedes St\u00fcck nur ein einziges Mal.<br>\n                        <br>In meinen Stoffdesign-Workshops m\u00f6chte ich etwas von meiner Begeisterung weitergeben. Gerne verhelfe ich auch dir zu deinem \u00abeigenen\u00bb Stoff.<br>\n                        <br>\n                      <\/p>\n                    <\/div>\n                  <\/div>\n                <\/div>\n              <\/div>\n            <\/div>\n          <\/div>\n        <\/div>\n      <\/div>\n    <\/section>\n    \n    \n  \n","protected":false},"excerpt":{"rendered":"<p>Seit \u00fcber 25 Jahren realisiere ich Print und Webprojekte von der Idee bis zum fertigen Produkt in meinem atelier-k.&nbsp; Aus Zufall habe ich den Textildruck entdeckt. Seither l\u00e4sst mich die Faszi\u00adnation, kleine Serien von einmaligen Textilien auf den Stoff zu bringen, nicht mehr los. Immer, wenn es meine Zeit erlaubt, arbeite ich an einer Kollektion. &hellip; <a href=\"https:\/\/unikat4you.ch\/?page_id=72\" class=\"more-link\">Continue reading<span class=\"screen-reader-text\"> &#8222;\u00dcber mich&#8220;<\/span><\/a><\/p>\n","protected":false},"author":1,"featured_media":0,"parent":0,"menu_order":11,"comment_status":"closed","ping_status":"closed","template":"","meta":{"footnotes":""},"class_list":["post-72","page","type-page","status-publish","hentry"],"yoast_head":"<!-- This site is optimized with the Yoast SEO plugin v18.2 - https:\/\/yoast.com\/wordpress\/plugins\/seo\/ -->\n<title>\u00dcber mich - unikat4you<\/title>\n<meta name=\"robots\" content=\"index, follow, max-snippet:-1, max-image-preview:large, max-video-preview:-1\" \/>\n<link rel=\"canonical\" href=\"https:\/\/unikat4you.ch\/?page_id=72\" \/>\n<meta property=\"og:locale\" content=\"de_DE\" \/>\n<meta property=\"og:type\" content=\"article\" \/>\n<meta property=\"og:title\" content=\"\u00dcber mich - unikat4you\" \/>\n<meta property=\"og:description\" content=\"Seit \u00fcber 25 Jahren realisiere ich Print und Webprojekte von der Idee bis zum fertigen Produkt in meinem atelier-k.&nbsp; Aus Zufall habe ich den Textildruck entdeckt. Seither l\u00e4sst mich die Faszi\u00adnation, kleine Serien von einmaligen Textilien auf den Stoff zu bringen, nicht mehr los. Immer, wenn es meine Zeit erlaubt, arbeite ich an einer Kollektion. &hellip; Continue reading &quot;\u00dcber mich&quot;\" \/>\n<meta property=\"og:url\" content=\"https:\/\/unikat4you.ch\/?page_id=72\" \/>\n<meta property=\"og:site_name\" content=\"unikat4you\" \/>\n<meta property=\"article:modified_time\" content=\"2024-01-06T23:05:44+00:00\" \/>\n<meta name=\"twitter:card\" content=\"summary_large_image\" \/>\n<script type=\"application\/ld+json\" class=\"yoast-schema-graph\">{\"@context\":\"https:\/\/schema.org\",\"@graph\":[{\"@type\":\"WebSite\",\"@id\":\"https:\/\/unikat4you.ch\/#website\",\"url\":\"https:\/\/unikat4you.ch\/\",\"name\":\"unikat4you\",\"description\":\"Stoffdesign f\u00fcr dich\",\"potentialAction\":[{\"@type\":\"SearchAction\",\"target\":{\"@type\":\"EntryPoint\",\"urlTemplate\":\"https:\/\/unikat4you.ch\/?s={search_term_string}\"},\"query-input\":\"required name=search_term_string\"}],\"inLanguage\":\"de\"},{\"@type\":\"WebPage\",\"@id\":\"https:\/\/unikat4you.ch\/?page_id=72#webpage\",\"url\":\"https:\/\/unikat4you.ch\/?page_id=72\",\"name\":\"\u00dcber mich - unikat4you\",\"isPartOf\":{\"@id\":\"https:\/\/unikat4you.ch\/#website\"},\"datePublished\":\"2022-03-06T14:00:53+00:00\",\"dateModified\":\"2024-01-06T23:05:44+00:00\",\"breadcrumb\":{\"@id\":\"https:\/\/unikat4you.ch\/?page_id=72#breadcrumb\"},\"inLanguage\":\"de\",\"potentialAction\":[{\"@type\":\"ReadAction\",\"target\":[\"https:\/\/unikat4you.ch\/?page_id=72\"]}]},{\"@type\":\"BreadcrumbList\",\"@id\":\"https:\/\/unikat4you.ch\/?page_id=72#breadcrumb\",\"itemListElement\":[{\"@type\":\"ListItem\",\"position\":1,\"name\":\"Startseite\",\"item\":\"https:\/\/unikat4you.ch\/\"},{\"@type\":\"ListItem\",\"position\":2,\"name\":\"\u00dcber mich\"}]}]}<\/script>\n<!-- \/ Yoast SEO plugin. -->","yoast_head_json":{"title":"\u00dcber mich - unikat4you","robots":{"index":"index","follow":"follow","max-snippet":"max-snippet:-1","max-image-preview":"max-image-preview:large","max-video-preview":"max-video-preview:-1"},"canonical":"https:\/\/unikat4you.ch\/?page_id=72","og_locale":"de_DE","og_type":"article","og_title":"\u00dcber mich - unikat4you","og_description":"Seit \u00fcber 25 Jahren realisiere ich Print und Webprojekte von der Idee bis zum fertigen Produkt in meinem atelier-k.&nbsp; Aus Zufall habe ich den Textildruck entdeckt. Seither l\u00e4sst mich die Faszi\u00adnation, kleine Serien von einmaligen Textilien auf den Stoff zu bringen, nicht mehr los. Immer, wenn es meine Zeit erlaubt, arbeite ich an einer Kollektion. &hellip; Continue reading \"\u00dcber mich\"","og_url":"https:\/\/unikat4you.ch\/?page_id=72","og_site_name":"unikat4you","article_modified_time":"2024-01-06T23:05:44+00:00","twitter_card":"summary_large_image","schema":{"@context":"https:\/\/schema.org","@graph":[{"@type":"WebSite","@id":"https:\/\/unikat4you.ch\/#website","url":"https:\/\/unikat4you.ch\/","name":"unikat4you","description":"Stoffdesign f\u00fcr dich","potentialAction":[{"@type":"SearchAction","target":{"@type":"EntryPoint","urlTemplate":"https:\/\/unikat4you.ch\/?s={search_term_string}"},"query-input":"required name=search_term_string"}],"inLanguage":"de"},{"@type":"WebPage","@id":"https:\/\/unikat4you.ch\/?page_id=72#webpage","url":"https:\/\/unikat4you.ch\/?page_id=72","name":"\u00dcber mich - unikat4you","isPartOf":{"@id":"https:\/\/unikat4you.ch\/#website"},"datePublished":"2022-03-06T14:00:53+00:00","dateModified":"2024-01-06T23:05:44+00:00","breadcrumb":{"@id":"https:\/\/unikat4you.ch\/?page_id=72#breadcrumb"},"inLanguage":"de","potentialAction":[{"@type":"ReadAction","target":["https:\/\/unikat4you.ch\/?page_id=72"]}]},{"@type":"BreadcrumbList","@id":"https:\/\/unikat4you.ch\/?page_id=72#breadcrumb","itemListElement":[{"@type":"ListItem","position":1,"name":"Startseite","item":"https:\/\/unikat4you.ch\/"},{"@type":"ListItem","position":2,"name":"\u00dcber mich"}]}]}},"jetpack-related-posts":[{"id":73,"url":"https:\/\/unikat4you.ch\/?page_id=73","url_meta":{"origin":72,"position":0},"title":"Shop","author":"admin","date":"M\u00e4rz 6, 2022","format":false,"excerpt":"Immer wenn es meine Zeit erlaubt, kreiere ich kleine Serien mit einmaligem Stoffdesign. So entstehen laufend\u00a0 neue Sitzb\u00e4lle, Neopren-N\u00e9cessaire, Neopren-Laptoph\u00fcllen, Trinkflaschen mit Neopren-M\u00e4nt\u00e4li und einmalige Schals und Foulards. Jedes St\u00fcck wird lediglich ein einziges Mal produziert.Wenn dir ein Produkt gef\u00e4llt und du in der Schweiz wohnst, schicke ich es dir\u2026","rel":"","context":"\u00c4hnlicher Beitrag","block_context":{"text":"\u00c4hnlicher Beitrag","link":""},"img":{"alt_text":"","src":"","width":0,"height":0},"classes":[]},{"id":71,"url":"https:\/\/unikat4you.ch\/?page_id=71","url_meta":{"origin":72,"position":1},"title":"Workshop_Exklusiv","author":"admin","date":"M\u00e4rz 6, 2022","format":false,"excerpt":"Stoffdesign exklusiv f\u00fcr dich Umfang und Preis Die erste Stunde Stoffdesign exklusiv kostet 150 Franken. Jede weitere Stunden kostet 120 Franken. Dabei spielt es keine Rolle, ob du alleine oder mit maximal 4 Personen am Workshop teilnimmst. Abonnemente Wenn du f\u00fcr dein Projekt eine gr\u00f6ssere Anzahl Stunden ben\u00f6tigst, oder sporadisch\u2026","rel":"","context":"\u00c4hnlicher Beitrag","block_context":{"text":"\u00c4hnlicher Beitrag","link":""},"img":{"alt_text":"","src":"","width":0,"height":0},"classes":[]},{"id":64,"url":"https:\/\/unikat4you.ch\/?page_id=64","url_meta":{"origin":72,"position":2},"title":"Workshop_Foulard","author":"admin","date":"M\u00e4rz 6, 2022","format":false,"excerpt":"Stoffdesign f\u00fcr Foulard oder Schal Umfang und Preis 4 Stunden Stoffdesign-Workshop in Kleingruppe von maximal 4 Teilnehmerinnen oder Teilnehmern kosten 120 Franken. Leitung\u00a0 Verena K\u00fcttel Lottenbach \u00abMeine \u00fcber 30j\u00e4hrige Erfahrung als Gestalterin und Ausbildnerin macht es m\u00f6glich, dass du ohne spezielle Vorkenntnisse dein eigenes Stoffdesign am Computer erstellen kannst. Gerne\u2026","rel":"","context":"\u00c4hnlicher Beitrag","block_context":{"text":"\u00c4hnlicher Beitrag","link":""},"img":{"alt_text":"","src":"","width":0,"height":0},"classes":[]},{"id":68,"url":"https:\/\/unikat4you.ch\/","url_meta":{"origin":72,"position":3},"title":"Aktuell","author":"admin","date":"M\u00e4rz 6, 2022","format":false,"excerpt":"Gutschein \u2013 das Geschenk f\u00fcr Kreative Mit einem Gutschein zu einem Stoffdesign-Workshop schenken Sie kreativen Menschen etwas ganz Besonderes. mehr \u00fcber Guscheine erfahren Eigenes Stoffdesign Ohne spezielle Vorkenntnisse kannst auch du \u00abdein\u00bb Stoffdesign am Computer erstellen. Dabei helfe ich dir Schritt f\u00fcr Schritt. Workshop-Daten Stoffprints In meinem \u00abShowroom\u00bb in Weggis\u2026","rel":"","context":"\u00c4hnlicher Beitrag","block_context":{"text":"\u00c4hnlicher Beitrag","link":""},"img":{"alt_text":"","src":"","width":0,"height":0},"classes":[]},{"id":65,"url":"https:\/\/unikat4you.ch\/?page_id=65","url_meta":{"origin":72,"position":4},"title":"Stories","author":"admin","date":"M\u00e4rz 6, 2022","format":false,"excerpt":"In den Stoffdesign-Workshops lerne ich immer wieder sehr interessante Pers\u00f6nlichkeiten kennen.\u00a0Unter dieser Rubrik werde ich in Zukunft in periodischen Abst\u00e4nde \u00fcber einzelne Kundinnen oder Kunden und ihre Passion berichten. Der inspirierende Seidenschal In dieser Story erf\u00e4hrst du, wie ich \u00fcberhaupt zum Stoffdesign gekommen bin. Story lesen","rel":"","context":"\u00c4hnlicher Beitrag","block_context":{"text":"\u00c4hnlicher Beitrag","link":""},"img":{"alt_text":"","src":"","width":0,"height":0},"classes":[]},{"id":63,"url":"https:\/\/unikat4you.ch\/?page_id=63","url_meta":{"origin":72,"position":5},"title":"Stoffprints","author":"admin","date":"M\u00e4rz 6, 2022","format":false,"excerpt":"Das eigene Design auf den Stoff zu bringen ist immer wieder ein Highlight in meiner T\u00e4tigkeit. Je nach Projekt kann das Stoffdesign auf Seide, Wolle, Baumwolle, Leinen, Tencel, Neopren, recyclierte synthetische Stoffe oder Kunstleder in verschiedenen Ausf\u00fchrungen gedruckt werden. Der bedruckte Laufmeter Stoff kostet zwischen 40 und 90 Franken.\u00a0 In\u2026","rel":"","context":"\u00c4hnlicher Beitrag","block_context":{"text":"\u00c4hnlicher Beitrag","link":""},"img":{"alt_text":"","src":"","width":0,"height":0},"classes":[]}],"_links":{"self":[{"href":"https:\/\/unikat4you.ch\/index.php?rest_route=\/wp\/v2\/pages\/72","targetHints":{"allow":["GET"]}}],"collection":[{"href":"https:\/\/unikat4you.ch\/index.php?rest_route=\/wp\/v2\/pages"}],"about":[{"href":"https:\/\/unikat4you.ch\/index.php?rest_route=\/wp\/v2\/types\/page"}],"author":[{"embeddable":true,"href":"https:\/\/unikat4you.ch\/index.php?rest_route=\/wp\/v2\/users\/1"}],"replies":[{"embeddable":true,"href":"https:\/\/unikat4you.ch\/index.php?rest_route=%2Fwp%2Fv2%2Fcomments&post=72"}],"version-history":[{"count":2,"href":"https:\/\/unikat4you.ch\/index.php?rest_route=\/wp\/v2\/pages\/72\/revisions"}],"predecessor-version":[{"id":353,"href":"https:\/\/unikat4you.ch\/index.php?rest_route=\/wp\/v2\/pages\/72\/revisions\/353"}],"wp:attachment":[{"href":"https:\/\/unikat4you.ch\/index.php?rest_route=%2Fwp%2Fv2%2Fmedia&parent=72"}],"curies":[{"name":"wp","href":"https:\/\/api.w.org\/{rel}","templated":true}]}}